{"id":13295,"date":"2019-09-02T12:03:13","date_gmt":"2019-09-02T10:03:13","guid":{"rendered":"https:\/\/www.cinier.com\/product\/arbre-bain\/"},"modified":"2024-04-29T13:47:22","modified_gmt":"2024-04-29T11:47:22","slug":"arbre-bain","status":"publish","type":"product","link":"https:\/\/www.cinier.com\/de\/produkte\/arbre-bain\/","title":{"rendered":"Arbre bain"},"content":{"rendered":"","protected":false},"featured_media":8039,"template":"","product_range":[477,467],"product_color":[],"class_list":["post-13295","product","type-product","status-publish","has-post-thumbnail","hentry","product_range-seche-serviettes-contemporains-de","product_range-ss-contemporains-de"],"acf":[],"yoast_head":"<!-- This site is optimized with the Yoast SEO plugin v27.5 - https:\/\/yoast.com\/product\/yoast-seo-wordpress\/ -->\n<title>Arbre bain - Badw\u00e4rmer Collection, Zeitgen\u00f6ssisch | Cinier<\/title>\n<meta name=\"description\" content=\"Arbre bain, Modern Imagin\u00e4r \u2026, Badw\u00e4rmer Collection, Zeitgen\u00f6ssisch\" \/>\n<meta name=\"robots\" content=\"index, follow, max-snippet:-1, max-image-preview:large, max-video-preview:-1\" \/>\n<link rel=\"canonical\" href=\"https:\/\/www.cinier.com\/de\/produkte\/arbre-bain\/\" \/>\n<meta property=\"og:locale\" content=\"de_DE\" \/>\n<meta property=\"og:type\" content=\"article\" \/>\n<meta property=\"og:title\" content=\"Arbre bain - Badw\u00e4rmer Collection, Zeitgen\u00f6ssisch | Cinier\" \/>\n<meta property=\"og:description\" content=\"Arbre bain, Modern Imagin\u00e4r \u2026, Badw\u00e4rmer Collection, Zeitgen\u00f6ssisch\" \/>\n<meta property=\"og:url\" content=\"https:\/\/www.cinier.com\/de\/produkte\/arbre-bain\/\" \/>\n<meta property=\"og:site_name\" content=\"Cinier\" \/>\n<meta property=\"article:publisher\" content=\"https:\/\/www.facebook.com\/cinierdesign\/?ref=bookmarks\" \/>\n<meta property=\"article:modified_time\" content=\"2024-04-29T11:47:22+00:00\" \/>\n<meta property=\"og:image\" content=\"https:\/\/www.cinier.com\/app\/uploads\/2019\/09\/arbre-bain-G-2400x1800.png\" \/>\n\t<meta property=\"og:image:width\" content=\"1800\" \/>\n\t<meta property=\"og:image:height\" content=\"2400\" \/>\n\t<meta property=\"og:image:type\" content=\"image\/png\" \/>\n<meta name=\"twitter:card\" content=\"summary_large_image\" \/>\n<meta name=\"twitter:label1\" content=\"Est. reading time\" \/>\n\t<meta name=\"twitter:data1\" content=\"4 minutes\" \/>\n<script type=\"application\/ld+json\" class=\"yoast-schema-graph\">{\"@context\":\"https:\\\/\\\/schema.org\",\"@graph\":[{\"@type\":\"WebPage\",\"@id\":\"https:\\\/\\\/www.cinier.com\\\/de\\\/produkte\\\/arbre-bain\\\/\",\"url\":\"https:\\\/\\\/www.cinier.com\\\/de\\\/produkte\\\/arbre-bain\\\/\",\"name\":\"Arbre bain - Badw\u00e4rmer Collection, Zeitgen\u00f6ssisch | Cinier\",\"isPartOf\":{\"@id\":\"https:\\\/\\\/www.cinier.com\\\/de\\\/#website\"},\"primaryImageOfPage\":{\"@id\":\"https:\\\/\\\/www.cinier.com\\\/de\\\/produkte\\\/arbre-bain\\\/#primaryimage\"},\"image\":{\"@id\":\"https:\\\/\\\/www.cinier.com\\\/de\\\/produkte\\\/arbre-bain\\\/#primaryimage\"},\"thumbnailUrl\":\"https:\\\/\\\/www.cinier.com\\\/app\\\/uploads\\\/2019\\\/09\\\/arbre-bain-G-2400x1800.png\",\"datePublished\":\"2019-09-02T10:03:13+00:00\",\"dateModified\":\"2024-04-29T11:47:22+00:00\",\"description\":\"Arbre bain, Modern Imagin\u00e4r \u2026, Badw\u00e4rmer Collection, Zeitgen\u00f6ssisch\",\"breadcrumb\":{\"@id\":\"https:\\\/\\\/www.cinier.com\\\/de\\\/produkte\\\/arbre-bain\\\/#breadcrumb\"},\"inLanguage\":\"de-DE\",\"potentialAction\":[{\"@type\":\"ReadAction\",\"target\":[\"https:\\\/\\\/www.cinier.com\\\/de\\\/produkte\\\/arbre-bain\\\/\"]}]},{\"@type\":\"ImageObject\",\"inLanguage\":\"de-DE\",\"@id\":\"https:\\\/\\\/www.cinier.com\\\/de\\\/produkte\\\/arbre-bain\\\/#primaryimage\",\"url\":\"https:\\\/\\\/www.cinier.com\\\/app\\\/uploads\\\/2019\\\/09\\\/arbre-bain-G-2400x1800.png\",\"contentUrl\":\"https:\\\/\\\/www.cinier.com\\\/app\\\/uploads\\\/2019\\\/09\\\/arbre-bain-G-2400x1800.png\",\"width\":1800,\"height\":2400,\"caption\":\"Arbre bain 1\"},{\"@type\":\"BreadcrumbList\",\"@id\":\"https:\\\/\\\/www.cinier.com\\\/de\\\/produkte\\\/arbre-bain\\\/#breadcrumb\",\"itemListElement\":[{\"@type\":\"ListItem\",\"position\":1,\"name\":\"Accueil\",\"item\":\"https:\\\/\\\/www.cinier.com\\\/de\\\/\"},{\"@type\":\"ListItem\",\"position\":2,\"name\":\"Produkte\",\"item\":\"https:\\\/\\\/www.cinier.com\\\/de\\\/produkte\\\/\"},{\"@type\":\"ListItem\",\"position\":3,\"name\":\"Arbre bain\"}]},{\"@type\":\"WebSite\",\"@id\":\"https:\\\/\\\/www.cinier.com\\\/de\\\/#website\",\"url\":\"https:\\\/\\\/www.cinier.com\\\/de\\\/\",\"name\":\"Cinier\",\"description\":\"Radiateurs et Luminaires Contemporains\",\"publisher\":{\"@id\":\"https:\\\/\\\/www.cinier.com\\\/de\\\/#organization\"},\"potentialAction\":[{\"@type\":\"SearchAction\",\"target\":{\"@type\":\"EntryPoint\",\"urlTemplate\":\"https:\\\/\\\/www.cinier.com\\\/de\\\/?s={search_term_string}\"},\"query-input\":{\"@type\":\"PropertyValueSpecification\",\"valueRequired\":true,\"valueName\":\"search_term_string\"}}],\"inLanguage\":\"de-DE\"},{\"@type\":\"Organization\",\"@id\":\"https:\\\/\\\/www.cinier.com\\\/de\\\/#organization\",\"name\":\"Cinier\",\"url\":\"https:\\\/\\\/www.cinier.com\\\/de\\\/\",\"logo\":{\"@type\":\"ImageObject\",\"inLanguage\":\"de-DE\",\"@id\":\"https:\\\/\\\/www.cinier.com\\\/de\\\/#\\\/schema\\\/logo\\\/image\\\/\",\"url\":\"https:\\\/\\\/www.cinier.com\\\/app\\\/uploads\\\/2019\\\/08\\\/logo.png\",\"contentUrl\":\"https:\\\/\\\/www.cinier.com\\\/app\\\/uploads\\\/2019\\\/08\\\/logo.png\",\"width\":258,\"height\":122,\"caption\":\"Cinier\"},\"image\":{\"@id\":\"https:\\\/\\\/www.cinier.com\\\/de\\\/#\\\/schema\\\/logo\\\/image\\\/\"},\"sameAs\":[\"https:\\\/\\\/www.facebook.com\\\/cinierdesign\\\/?ref=bookmarks\",\"https:\\\/\\\/www.instagram.com\\\/cinier_design\\\/?hl=en\",\"https:\\\/\\\/www.linkedin.com\\\/company\\\/cinier-paris\\\/?viewAsMember=true\",\"https:\\\/\\\/www.pinterest.fr\\\/CINIERFrance\\\/\",\"https:\\\/\\\/www.youtube.com\\\/watch?v=EBncqm0X6-4\"]}]}<\/script>\n<!-- \/ Yoast SEO plugin. -->","yoast_head_json":{"title":"Arbre bain - Badw\u00e4rmer Collection, Zeitgen\u00f6ssisch | Cinier","description":"Arbre bain, Modern Imagin\u00e4r \u2026, Badw\u00e4rmer Collection, Zeitgen\u00f6ssisch","robots":{"index":"index","follow":"follow","max-snippet":"max-snippet:-1","max-image-preview":"max-image-preview:large","max-video-preview":"max-video-preview:-1"},"canonical":"https:\/\/www.cinier.com\/de\/produkte\/arbre-bain\/","og_locale":"de_DE","og_type":"article","og_title":"Arbre bain - Badw\u00e4rmer Collection, Zeitgen\u00f6ssisch | Cinier","og_description":"Arbre bain, Modern Imagin\u00e4r \u2026, Badw\u00e4rmer Collection, Zeitgen\u00f6ssisch","og_url":"https:\/\/www.cinier.com\/de\/produkte\/arbre-bain\/","og_site_name":"Cinier","article_publisher":"https:\/\/www.facebook.com\/cinierdesign\/?ref=bookmarks","article_modified_time":"2024-04-29T11:47:22+00:00","og_image":[{"width":1800,"height":2400,"url":"https:\/\/www.cinier.com\/app\/uploads\/2019\/09\/arbre-bain-G-2400x1800.png","type":"image\/png"}],"twitter_card":"summary_large_image","twitter_misc":{"Est. reading time":"4 minutes"},"schema":{"@context":"https:\/\/schema.org","@graph":[{"@type":"WebPage","@id":"https:\/\/www.cinier.com\/de\/produkte\/arbre-bain\/","url":"https:\/\/www.cinier.com\/de\/produkte\/arbre-bain\/","name":"Arbre bain - Badw\u00e4rmer Collection, Zeitgen\u00f6ssisch | Cinier","isPartOf":{"@id":"https:\/\/www.cinier.com\/de\/#website"},"primaryImageOfPage":{"@id":"https:\/\/www.cinier.com\/de\/produkte\/arbre-bain\/#primaryimage"},"image":{"@id":"https:\/\/www.cinier.com\/de\/produkte\/arbre-bain\/#primaryimage"},"thumbnailUrl":"https:\/\/www.cinier.com\/app\/uploads\/2019\/09\/arbre-bain-G-2400x1800.png","datePublished":"2019-09-02T10:03:13+00:00","dateModified":"2024-04-29T11:47:22+00:00","description":"Arbre bain, Modern Imagin\u00e4r \u2026, Badw\u00e4rmer Collection, Zeitgen\u00f6ssisch","breadcrumb":{"@id":"https:\/\/www.cinier.com\/de\/produkte\/arbre-bain\/#breadcrumb"},"inLanguage":"de-DE","potentialAction":[{"@type":"ReadAction","target":["https:\/\/www.cinier.com\/de\/produkte\/arbre-bain\/"]}]},{"@type":"ImageObject","inLanguage":"de-DE","@id":"https:\/\/www.cinier.com\/de\/produkte\/arbre-bain\/#primaryimage","url":"https:\/\/www.cinier.com\/app\/uploads\/2019\/09\/arbre-bain-G-2400x1800.png","contentUrl":"https:\/\/www.cinier.com\/app\/uploads\/2019\/09\/arbre-bain-G-2400x1800.png","width":1800,"height":2400,"caption":"Arbre bain 1"},{"@type":"BreadcrumbList","@id":"https:\/\/www.cinier.com\/de\/produkte\/arbre-bain\/#breadcrumb","itemListElement":[{"@type":"ListItem","position":1,"name":"Accueil","item":"https:\/\/www.cinier.com\/de\/"},{"@type":"ListItem","position":2,"name":"Produkte","item":"https:\/\/www.cinier.com\/de\/produkte\/"},{"@type":"ListItem","position":3,"name":"Arbre bain"}]},{"@type":"WebSite","@id":"https:\/\/www.cinier.com\/de\/#website","url":"https:\/\/www.cinier.com\/de\/","name":"Cinier","description":"Radiateurs et Luminaires Contemporains","publisher":{"@id":"https:\/\/www.cinier.com\/de\/#organization"},"potentialAction":[{"@type":"SearchAction","target":{"@type":"EntryPoint","urlTemplate":"https:\/\/www.cinier.com\/de\/?s={search_term_string}"},"query-input":{"@type":"PropertyValueSpecification","valueRequired":true,"valueName":"search_term_string"}}],"inLanguage":"de-DE"},{"@type":"Organization","@id":"https:\/\/www.cinier.com\/de\/#organization","name":"Cinier","url":"https:\/\/www.cinier.com\/de\/","logo":{"@type":"ImageObject","inLanguage":"de-DE","@id":"https:\/\/www.cinier.com\/de\/#\/schema\/logo\/image\/","url":"https:\/\/www.cinier.com\/app\/uploads\/2019\/08\/logo.png","contentUrl":"https:\/\/www.cinier.com\/app\/uploads\/2019\/08\/logo.png","width":258,"height":122,"caption":"Cinier"},"image":{"@id":"https:\/\/www.cinier.com\/de\/#\/schema\/logo\/image\/"},"sameAs":["https:\/\/www.facebook.com\/cinierdesign\/?ref=bookmarks","https:\/\/www.instagram.com\/cinier_design\/?hl=en","https:\/\/www.linkedin.com\/company\/cinier-paris\/?viewAsMember=true","https:\/\/www.pinterest.fr\/CINIERFrance\/","https:\/\/www.youtube.com\/watch?v=EBncqm0X6-4"]}]}},"_links":{"self":[{"href":"https:\/\/www.cinier.com\/de\/wp-json\/wp\/v2\/product\/13295","targetHints":{"allow":["GET"]}}],"collection":[{"href":"https:\/\/www.cinier.com\/de\/wp-json\/wp\/v2\/product"}],"about":[{"href":"https:\/\/www.cinier.com\/de\/wp-json\/wp\/v2\/types\/product"}],"wp:featuredmedia":[{"embeddable":true,"href":"https:\/\/www.cinier.com\/de\/wp-json\/wp\/v2\/media\/8039"}],"wp:attachment":[{"href":"https:\/\/www.cinier.com\/de\/wp-json\/wp\/v2\/media?parent=13295"}],"wp:term":[{"taxonomy":"product_range","embeddable":true,"href":"https:\/\/www.cinier.com\/de\/wp-json\/wp\/v2\/product_range?post=13295"},{"taxonomy":"product_color","embeddable":true,"href":"https:\/\/www.cinier.com\/de\/wp-json\/wp\/v2\/product_color?post=13295"}],"curies":[{"name":"wp","href":"https:\/\/api.w.org\/{rel}","templated":true}]}}

<!-- This site is optimized with the Yoast SEO plugin v27.5 - https://yoast.com/product/yoast-seo-wordpress/ -->
<title>Arbre bain - Badwärmer Collection, Zeitgenössisch | Cinier</title>
<meta name="description" content="Arbre bain, Modern Imaginär …, Badwärmer Collection, Zeitgenössisch" />
<meta name="robots" content="index, follow, max-snippet:-1, max-image-preview:large, max-video-preview:-1" />
<link rel="canonical" href="https://www.cinier.com/de/produkte/arbre-bain/" />
<meta property="og:locale" content="de_DE" />
<meta property="og:type" content="article" />
<meta property="og:title" content="Arbre bain - Badwärmer Collection, Zeitgenössisch | Cinier" />
<meta property="og:description" content="Arbre bain, Modern Imaginär …, Badwärmer Collection, Zeitgenössisch" />
<meta property="og:url" content="https://www.cinier.com/de/produkte/arbre-bain/" />
<meta property="og:site_name" content="Cinier" />
<meta property="article:publisher" content="https://www.facebook.com/cinierdesign/?ref=bookmarks" />
<meta property="article:modified_time" content="2024-04-29T11:47:22+00:00" />
<meta property="og:image" content="https://www.cinier.com/app/uploads/2019/09/arbre-bain-G-2400x1800.png" />
	<meta property="og:image:width" content="1800" />
	<meta property="og:image:height" content="2400" />
	<meta property="og:image:type" content="image/png" />
<meta name="twitter:card" content="summary_large_image" />
<meta name="twitter:label1" content="Est. reading time" />
	<meta name="twitter:data1" content="4 minutes" />
<script type="application/ld+json" class="yoast-schema-graph">{"@context":"https:\/\/schema.org","@graph":[{"@type":"WebPage","@id":"https:\/\/www.cinier.com\/de\/produkte\/arbre-bain\/","url":"https:\/\/www.cinier.com\/de\/produkte\/arbre-bain\/","name":"Arbre bain - Badwärmer Collection, Zeitgenössisch | Cinier","isPartOf":{"@id":"https:\/\/www.cinier.com\/de\/#website"},"primaryImageOfPage":{"@id":"https:\/\/www.cinier.com\/de\/produkte\/arbre-bain\/#primaryimage"},"image":{"@id":"https:\/\/www.cinier.com\/de\/produkte\/arbre-bain\/#primaryimage"},"thumbnailUrl":"https:\/\/www.cinier.com\/app\/uploads\/2019\/09\/arbre-bain-G-2400x1800.png","datePublished":"2019-09-02T10:03:13+00:00","dateModified":"2024-04-29T11:47:22+00:00","description":"Arbre bain, Modern Imaginär …, Badwärmer Collection, Zeitgenössisch","breadcrumb":{"@id":"https:\/\/www.cinier.com\/de\/produkte\/arbre-bain\/#breadcrumb"},"inLanguage":"de-DE","potentialAction":[{"@type":"ReadAction","target":["https:\/\/www.cinier.com\/de\/produkte\/arbre-bain\/"]}]},{"@type":"ImageObject","inLanguage":"de-DE","@id":"https:\/\/www.cinier.com\/de\/produkte\/arbre-bain\/#primaryimage","url":"https:\/\/www.cinier.com\/app\/uploads\/2019\/09\/arbre-bain-G-2400x1800.png","contentUrl":"https:\/\/www.cinier.com\/app\/uploads\/2019\/09\/arbre-bain-G-2400x1800.png","width":1800,"height":2400,"caption":"Arbre bain 1"},{"@type":"BreadcrumbList","@id":"https:\/\/www.cinier.com\/de\/produkte\/arbre-bain\/#breadcrumb","itemListElement":[{"@type":"ListItem","position":1,"name":"Accueil","item":"https:\/\/www.cinier.com\/de\/"},{"@type":"ListItem","position":2,"name":"Produkte","item":"https:\/\/www.cinier.com\/de\/produkte\/"},{"@type":"ListItem","position":3,"name":"Arbre bain"}]},{"@type":"WebSite","@id":"https:\/\/www.cinier.com\/de\/#website","url":"https:\/\/www.cinier.com\/de\/","name":"Cinier","description":"Radiateurs et Luminaires Contemporains","publisher":{"@id":"https:\/\/www.cinier.com\/de\/#organization"},"potentialAction":[{"@type":"SearchAction","target":{"@type":"EntryPoint","urlTemplate":"https:\/\/www.cinier.com\/de\/?s={search_term_string}"},"query-input":{"@type":"PropertyValueSpecification","valueRequired":true,"valueName":"search_term_string"}}],"inLanguage":"de-DE"},{"@type":"Organization","@id":"https:\/\/www.cinier.com\/de\/#organization","name":"Cinier","url":"https:\/\/www.cinier.com\/de\/","logo":{"@type":"ImageObject","inLanguage":"de-DE","@id":"https:\/\/www.cinier.com\/de\/#\/schema\/logo\/image\/","url":"https:\/\/www.cinier.com\/app\/uploads\/2019\/08\/logo.png","contentUrl":"https:\/\/www.cinier.com\/app\/uploads\/2019\/08\/logo.png","width":258,"height":122,"caption":"Cinier"},"image":{"@id":"https:\/\/www.cinier.com\/de\/#\/schema\/logo\/image\/"},"sameAs":["https:\/\/www.facebook.com\/cinierdesign\/?ref=bookmarks","https:\/\/www.instagram.com\/cinier_design\/?hl=en","https:\/\/www.linkedin.com\/company\/cinier-paris\/?viewAsMember=true","https:\/\/www.pinterest.fr\/CINIERFrance\/","https:\/\/www.youtube.com\/watch?v=EBncqm0X6-4"]}]}</script>
<!-- / Yoast SEO plugin. -->

Arbre bain - Badwärmer Collection, Zeitgenössisch | Cinier

Arbre bain, Modern Imaginär …, Badwärmer Collection, Zeitgenössisch
